he tens digit of 204514792?
9
What is the millions digit of 126358315?
6
What is the thousands digit of 7715890?
5
What is the millions digit of 6755824249?
5
What is the ten millions digit of 519115903?
1
What is the hundred millions digit of 1420884205?
4
What is the millions digit of 1273114792?
3
What is the hundred millions digit of 301570114?
3
What is the units digit of 397108412?
2
What is the hundred millions digit of 1734019809?
7
What is the tens digit of 5060447566?
6
What is the hundreds digit of 175824005?
0
What is the hundred thousands digit of 125481822?
4
What is the millions digit of 2791454379?
1
What is the millions digit of 7145706436?
5
What is the tens digit of 64857391?
9
What is the millions digit of 34279548?
4
What is the thousands digit of 3568136940?
6
What is the units digit of 151524950?
0
What is the ten millions digit of 28405114?
2
What is the hundred millions digit of 948979997?
9
What is the ten thousands digit of 3115701363?
0
What is the ten thousands digit of 298887976?
8
What is the ten millions digit of 1187016678?
8
What is the ten thousands digit of 58777881?
7
What is the thousands digit of 8564515?
4
What is the tens digit of 14296394?
9
What is the thousands digit of 207673561?
3
What is the thousands digit of 66121284?
1
What is the hundreds digit of 307725769?
7
What is the millions digit of 84852372?
4
What is the hundred thousands digit of 1962133540?
1
What is the ten thousands digit of 60986998?
8
What is the hundred thousands digit of 203096745?
0
What is the hundred thousands digit of 131243392?
2
What is the ten millions digit of 33642058?
3
What is the units digit of 8019161630?
0
What is the units digit of 3523502237?
7
What is the ten millions digit of 118736563?
1
What is the millions digit of 35619989?
5
What is the units digit of 337204286?
6
What is the thousands digit of 347963514?
3
What is the hundred millions digit of 101417753?
1
What is the hundred thousands digit of 749311652?
3
What is the millions digit of 370569259?
0
What is the thousands digit of 79687480?
7
What is the thousands digit of 422004290?
4
What is the hundreds digit of 74999360?
3
What is the billions digit of 1394149218?
1
What is the hundred thousands digit of 43189949?
1
What is the millions digit of 190727009?
0
What is the thousands digit of 97862789?
2
What is the hundreds digit of 1118965797?
7
What is the ten thousands digit of 37182333?
8
What is the hundred thousands digit of 1277632099?
6
What is the hundreds digit of 74857579?
5
What is the billions digit of 1110503808?
1
What is the millions digit of 39708667?
9
What is the ten thousands digit of 211428177?
2
What is the billions digit of 2982167260?
2
What is the hundreds digit of 3953236583?
5
What is the hundred thousands digit of 2517671140?
6
What is the millions digit of 21735435?
1
What is the ten thousands digit of 238787486?
8
What is the units digit of 40511993?
3
What is the ten thousands digit of 117569624?
6
What is the millions digit of 67499049?
7
What is the millions digit of 1040715685?
0
What is the tens digit of 45462715?
1
What is the ten millions digit of 244965386?
4
What is the units digit of 244214537?
7
What is the ten millions digit of 36403141?
3
What is the units digit of 118832028?
8
What is the hundred millions digit of 172349703?
1
What is the hundreds digit of 23112143?
1
What is the hundred thousands digit of 366657544?
6
What is the ten millions digit of 31057570?
3
What is the hundreds digit of 193557466?
4
What is the tens digit of 17088925?
2
What is the units digit of 2975264592?
2
What is the ten millions digit of 110307381?
1
What is the hundreds digit of 1687936648?
6
What is the hundred thousands digit of 12395380?
3
What is the tens digit of 67164396?
9
What is the ten millions digit of 426434182?
2
What is the tens digit of 52730932?
3
What is the ten thousands digit of 2076676800?
7
What is the ten millions digit of 847993301?
4
What is the tens digit of 91965175?
7
What is the tens digit of 1043341?
4
What is the units digit of 269458421?
1
What is the ten millions digit of 249553031?
4
What is the tens digit of 702140200?
0
What is the tens digit of 65101995?
9
What is the hundred thousands digit of 11919763?
9
What is the tens digit of 184434669?
6
What is the hundred thousands digit of 25268548?
2
What is the ten millions digit of 50293841?
5
What is the hundred thousands digit of 1168772472?
7
What is the thousands digit of 74112316?
2
What is the units digit of 437801202?
2
What is the millions digit of 694586158?
4
What is the ten thousands digit of 126360076?
6
What is the ten thousands digit of 81661406?
6
What is the units digit of 77923445?
5
What is the tens digit of 197318807?
0
What is the thousands digit of 68180585?
0
What is the millions digit of 1313168534?
3
What is the tens digit of 638153982?
8
What is the hundreds digit of 35667785?
7
What is the ten thousands digit of 20333837?
3
What is the billions digit of 2601671482?
2
What is the hundred millions digit of 376671607?
3
What is the ten thousands digit of 789686253?
8
What is the thousands digit of 8739565?
9
What is the hundreds digit of 2054544726?
7
What is the ten thousands digit of 165949060?
4
What is the ten millions digit of 1617120187?
1
What is the ten thousands digit of 4048308979?
0
What is the hundred thousands digit of 2768962429?
9
What is the ten thousands digit of 113054830?
5
What is the hundreds digit of 885776697?
6
What is the hundreds digit of 1407986317?
3
What is the hundreds digit of 184773993?
9
What is the units digit of 68296325?
5
What is the hundred thousands digit of 731495718?
4
What is the thousands digit of 38407216?
7
What is the hundred thousands digit of 1072117817?
1
What is the millions digit of 318859271?
8
What is the hundreds digit of 1870616254?
2
What is the tens digit of 103435833?
3
What is the units digit of 91874889?
9
What is the thousands digit of 317099249?
9
What is the ten thousands digit of 35305529?
0
What is the millions digit of 35507371?
5
What is the millions digit of 791532047?
1
What is the tens digit of 823913632?
3
What is the hundred millions digit of 159865677?
1
What is the ten millions digit of 3247133696?
4
What is the billions digit of 1395125828?
1
What is the ten thousands digit of 49053171?
5
What is the hundreds digit of 78833467?
4
What is the hundred thousands digit of 424170461?
1
What is the hundred thousands digit of 189367647?
3
What is the hundred thousands digit of 641133428?
1
What is the units digit of 3450790796?
6
What is the hundred millions digit of 509062398?
5
What is the ten thousands digit of 113620019?
2
What is the tens digit of 89794809?
0
What is the hundreds digit of 1425563791?
7
What is the ten millions digit of 1601525105?
0
What is the units digit of 464520013?
3
What is the ten thousands digit of 2066037249?
3
What is the tens digit of 64596676?
7
What is the ten thousands digit of 314466104?
6
What is the thousands digit of 73813119?
3
What is the hundreds digit of 15439072?
0
What is the hundreds digit of 158339732?
7
What is the hundred millions digit of 7492116798?
4
What is the thousands digit of 207158245?
8
What is the hundred millions digit of 3517951612?
5
What is the thousands digit of 85721479?
1
What is the millions digit of 425482474?
5
What is the ten millions digit of 76735910?
7
What is the hundred thousands digit of 4918595269?
5
What is the ten thousands digit of 960375897?
7
What is the ten thousands digit of 4518067553?
6
What is the hundreds digit of 1734481326?
3
What is the millions digit of 75259373?
5
What is the units digit of 1070561341?
1
What is the hundred millions digit of 2713558977?
7
What is the units digit of 763220005?
5
What is the millions digit of 220524959?
0
What is the hundreds digit of 2878577?
5
What is the hundreds digit of 78996159?
1
What is the hundred thousands digit of 548262356?
2
What is the hundred thousands digit of 136761231?
7
What is the hundreds digit of 822780553?
5
What is the units digit of 81059890?
0
What is the thousands digit of 4374518928?
8
What is the thousands digit of 41426410?
6
What is the ten millions digit of 258344751?
5
What is the hundred thousand